hest common factor of 247 and 518791.
13
Calculate the greatest common factor of 22419765 and 1130.
565
Calculate the highest common divisor of 220246914 and 12.
6
Calculate the highest common divisor of 65120990 and 3630.
1210
Calculate the greatest common divisor of 38 and 48776458.
38
What is the highest common divisor of 300624 and 1216?
16
Calculate the greatest common factor of 220401616 and 43760.
8752
What is the greatest common factor of 45904 and 447184?
304
Calculate the greatest common factor of 210880 and 19520.
320
Calculate the highest common factor of 1003238 and 383078.
646
Calculate the greatest common factor of 1045 and 107305.
55
Calculate the highest common factor of 74450 and 142850.
50
What is the highest common divisor of 35083555 and 4225?
845
Calculate the greatest common divisor of 1702 and 207874.
46
Calculate the highest common factor of 134 and 845058002.
134
What is the highest common divisor of 1033818 and 8498114?
6502
Calculate the greatest common divisor of 30 and 23410450.
10
Calculate the greatest common divisor of 140 and 1739485.
5
What is the greatest common factor of 12768 and 5665344?
1824
Calculate the greatest common factor of 84955 and 4926083.
1307
What is the highest common factor of 4216 and 4172352?
248
What is the greatest common divisor of 64 and 2638736?
16
Calculate the highest common divisor of 5094096 and 840.
168
Calculate the greatest common factor of 132636497 and 2.
1
What is the highest common divisor of 166070 and 1520?
10
What is the greatest common divisor of 34144 and 202268?
44
What is the highest common divisor of 5917854 and 437?
437
What is the greatest common divisor of 11634419 and 6295?
1259
What is the greatest common divisor of 177684401 and 5578?
2789
Calculate the greatest common divisor of 26022360 and 195468.
1092
What is the greatest common divisor of 4224372 and 65148?
732
What is the greatest common factor of 37703712 and 189312?
2784
What is the highest common factor of 65518 and 285770?
1394
Calculate the greatest common divisor of 21825 and 308700.
225
Calculate the greatest common divisor of 283968290 and 290.
290
What is the highest common divisor of 11803 and 6710616?
407
What is the highest common factor of 24285 and 135?
15
What is the greatest common divisor of 17920 and 6790?
70
What is the highest common divisor of 9864 and 12467?
137
Calculate the highest common divisor of 2356 and 468540665.
589
What is the greatest common factor of 525464 and 6232?
152
Calculate the greatest common divisor of 1188 and 1539828.
36
Calculate the highest common divisor of 6549364 and 4316.
332
Calculate the greatest common factor of 113424 and 43392.
48
Calculate the greatest common divisor of 2126764 and 529.
23
What is the greatest common divisor of 626490 and 3078?
18
What is the highest common divisor of 367400 and 446600?
2200
What is the highest common factor of 36 and 23782536?
36
Calculate the greatest common divisor of 4550625 and 100.
25
Calculate the greatest common divisor of 2001936116 and 45492.
15164
Calculate the highest common factor of 52128 and 185280.
96
What is the greatest common factor of 54867770 and 4?
2
What is the greatest common factor of 1302 and 61736066?
434
Calculate the highest common factor of 8142 and 72554070.
354
What is the highest common factor of 54857520 and 52560?
720
What is the highest common factor of 1971054 and 926808?
3174
Calculate the greatest common divisor of 17313726 and 246.
246
Calculate the highest common divisor of 7752112 and 3002.
158
Calculate the highest common divisor of 38 and 520464.
2
Calculate the greatest common factor of 27487548 and 218397.
5079
What is the greatest common divisor of 71928 and 21300678?
1998
What is the highest common factor of 9992563 and 203?
7
What is the highest common divisor of 3230 and 1978090?
190
What is the highest common divisor of 227174691 and 237?
237
Calculate the highest common factor of 363 and 9897437.
121
What is the highest common divisor of 51378 and 3354?
6
What is the greatest common divisor of 5237422 and 360226?
1886
Calculate the greatest common factor of 943999 and 7.
7
Calculate the highest common factor of 179157539 and 22.
11
Calculate the highest common divisor of 17 and 96430885.
17
What is the highest common factor of 15062310 and 7540?
290
What is the greatest common divisor of 257721620 and 3380?
3380
Calculate the highest common divisor of 90 and 21041928.
18
Calculate the greatest common divisor of 386362256 and 64540.
12908
Calculate the greatest common factor of 1254 and 4448334.
66
Calculate the greatest common factor of 3524 and 2776499692.
3524
What is the highest common divisor of 184825175 and 1850?
925
What is the greatest common factor of 1050 and 3762675?
525
What is the highest common factor of 1883790 and 750?
30
Calculate the highest common divisor of 766626 and 210.
42
Calculate the highest common factor of 6815 and 16380215.
145
Calculate the greatest common factor of 30 and 5585990.
10
Calculate the greatest common factor of 19450778 and 2174.
2174
Calculate the highest common factor of 4421508 and 780.
156
What is the highest common divisor of 7805 and 812835?
1115
What is the highest common divisor of 114818 and 5302?
22
What is the greatest common divisor of 12757686 and 54?
6
What is the greatest common factor of 2418 and 260954?
2
Calculate the highest common factor of 2329 and 642256.
137
Calculate the highest common factor of 1848 and 907983384.
1848
What is the greatest common factor of 8047800 and 85000?
3400
What is the highest common factor of 1889535 and 1515?
15
Calculate the highest common divisor of 2135 and 44378810.
35
Calculate the greatest common divisor of 1988 and 19068612.
284
What is the highest common divisor of 76823599 and 103977?
3851
What is the highest common divisor of 234409 and 553?
7
What is the greatest common divisor of 570159416 and 993?
331
Calculate the highest common factor of 18331734 and 515.
103
What is the greatest common divisor of 39681097 and 49909?
1721
Calculate the greatest common factor of 828921920 and 256.
64
What is the highest common factor of 12272 and 850?
2
Calculate the greatest common divisor of 4966 and 49914030.
382
Calculate the highest common divisor of 288 and 1016248.
8
What is the greatest common factor of 15533147 and 49?
49
Calculate the highest common factor of 9870 and 641220.
30
Calculate the highest common divisor of 1493724 and 387.
3
Calculate the highest common divisor of 2649 and 332949.
3
What is the highest common divisor of 20207 and 19778?
11
What is the highest common divisor of 7619958 and 288?
18
What is the highest common divisor of 1058429625 and 12375?
4125
What is the highest common divisor of 286143 and 249711?
759
What is the greatest common divisor of 307862 and 75874?
118
Calculate the greatest common factor of 1428098 and 14.
14
Calculate the greatest common factor of 3655 and 73603659.
731
Calculate the greatest common factor of 562787246 and 490.
98
Calculate the highest common factor of 1958 and 211120282.
178
Calculate the greatest common factor of 617409 and 3787127.
1759
Calculate the greatest common factor of 364130431 and 518.
259
Calculate the highest common factor of 113 and 30210550.
113
Calculate the highest common factor of 122324 and 3392.
212
Calculate the greatest common divisor of 166148 and 193012.
292
Calculate the highest common factor of 8762 and 2102206.
674
What is the greatest common divisor of 375124 and 373214?
382
Calculate the greatest common divisor of 21 and 369933.
3
What is the greatest common divisor of 301 and 80176467?
301
What is the greatest common factor of 36 and 34762644?
36
What is the greatest common factor of 1668825 and 10800?
225
What is the highest common divisor of 213 and 18514883?
71
What is the greatest common divisor of 2679780 and 20?
20
What is the greatest common divisor of 8296640 and 7040?
3520
What is the highest common divisor of 368840 and 4120?
40
Calculate the highest common factor of 60391 and 1279275.
461
Calculate the greatest common factor of 1800064 and 8918.
686
What is the highest common divisor of 70559 and 381692?
37
What is the highest common divisor of 70 and 946230?
1